Let u(j) = -c(j) + 2*l(j). Calculate u(-6).
14
Let v(c) = 5*c - 2. Let o(i) = -8*i + 4. Let l(k) = -3*o(k) - 5*v(k). Let j(u) = u**2 - 10*u - 17. Let w be j(12). Give l(w).
-9
Let h(g) = g**2 - 5*g + 1. Let t be h(3). Suppose -k = -6*k. Let l(s) = -17 + k*s + 4*s**2 + 18 - 4*s - 5*s**2. Determine l(t).
-4
Let q = -1735 + 1728. Let n(y) = -y + 18. Calculate n(q).
25
Let x(a) = a**3 - 4*a**2 + a + 5. Let l be (2/4)/((-9)/(-36)). Suppose 3 = 3*p, 2*p + l = 5*u - 6. Let v be -4 + u + (-1 - -7). Give x(v).
9
Let q(c) = 5*c + 1. Let f(l) = -l**2 - 10*l + 5. Let o be f(-9). Let g = o - 15. Give q(g).
-4
Suppose 19*d = -6*d + 225. Let a(g) = -g**2 + 6*g + 3. Give a(d).
-24
Let k(l) = l - 1. Let s(p) = 8*p - 5. Let b(r) = 16*r - 11. Let w(u) = -2*b(u) + 5*s(u). Let z be w(6). Let m be (4/(-6))/(6/z). What is k(m)?
-6
Let v(c) = -c**3 + 6*c**2 - 3*c + 6. Suppose 9*a = 13*a, -4*b = a - 20. Determine v(b).
16
Let j(q) = -15*q**2 + 7*q + 25 - 27 + 14*q**2. Calculate j(4).
10
Let q = 144 - 66. Let s(h) = -72 + h + 149 - 9*h**2 - q. What is s(1)?
-9
Suppose 4*y = 17 + 15. Let f = 22 - y. Suppose 15*o = f*o + 3. Let l(n) = n**3 - 3*n**2 - 1. Give l(o).
-1
Let p(t) be the third derivative of t**4/24 + t**3/2 - 4*t**2 + 55*t. Give p(-8).
-5
Suppose 12*q - 3*d = 17*q - 87, 0 = q + 5*d - 35. Let n(b) = b - 13. Determine n(q).
2
Suppose -4*f + 3*j + 15 = 0, 2*f - 20 = -j - 5. Let l(q) = -q - 1. Let k be l(-7). Let d(v) = -4 - v**3 + 2*v**3 - 5 + 2 - k*v**2. Give d(f).
-7
Suppose 2*l - 12 = 3*p, -2*p - 52 = -3*l - 6*p. Let c be l - 6/(9/3). Let a be (-32)/14 - c/(-35). Let d(n) = n**3 - 4*n - 3. Calculate d(a).
-3
Suppose 0 = 6*y + 4 - 16. Let l(t) = 5*t**2 - 1. What is l(y)?
19
Suppose 0 = -3*h - 3*w, -2*h + 3*h + 3*w + 10 = 0. Suppose -2*y - 20 = 2*n, 0 = h*n - 0*y + 4*y + 48. Let j(v) = v**2 + 7*v - 11. Give j(n).
-3
Let y(f) = 18*f**2 + 0*f**3 + 41 - 2*f**3 - 4*f**2 + f + 3*f**3 - 30. Determine y(-14).
-3
Let j(t) = 4*t**2 + 2*t + 1. Let s(o) = -2*o + 1. Let v be 20/(-4)*(-14)/(-5). Let a = v - -15. Let w be s(a). Give j(w).
3
Let q(p) = 2. Let x(j) = 5*j - 6. Let d(l) = -q(l) - x(l). What is d(-6)?
34
Let i(l) = -10*l + 4. Let t(c) = -3*c + 2. Let r(p) = -2*i(p) + 5*t(p). Calculate r(-1).
-3
Let l(w) = -20*w - 14. Let s(a) = -35*a - 14. Let k(h) = 7*h + 3. Let i(z) = 11*k(z) + 2*s(z). Let q(u) = -14*i(u) - 5*l(u). What is q(2)?
4
Let p(x) = -x**2 + 10*x - 6. Let q be 5 - (3 - (-5 + 7)). Suppose -4*j = m + 5, -q*m - 20 = -6*m + 2*j. Give p(m).
15
Let m(c) = -c**2 - 13*c - 24. Let g be m(-11). Let f be 0 - (-9)/g - (-6)/4. Let r(i) = -3*i - 4. What is r(f)?
5
Suppose -8*z - 30 = 18. Let v be 1/4 - 21/(-12). Let y(t) = -t + 4 - t**v + 0*t - 5*t. Give y(z).
4
Suppose 14*s - 9*s + 29 = 2*w, -3*s - 5 = 5*w. Let x(r) be the first derivative of 1/3*r**3 + 5 + 5/2*r**2 - w*r. Give x(-4).
-6
Let j(s) = -3 - 3 + 13 + s + 5*s + s**2 + 1. Suppose 4*n - 6*p - 22 = -4*p, -5*n = -2*p - 25. Suppose 0 = -6*h + n*h - 18. Calculate j(h).
8
Let z(o) = -7*o. Let f(h) = 20*h. Let v(q) = -6*f(q) - 17*z(q). Let k be v(0). Let y(d) = d + 5. Let i be y(k). Let p(c) = -c**2 + 6*c. What is p(i)?
5
Let t(v) = 24*v**2 + 50*v + 49. Let r(u) = 11*u**2 + 24*u + 24. Let o(g) = -13*r(g) + 6*t(g). What is o(13)?
-5
Let b(u) = u**2 - u - 13. Suppose 0 = 34*q - 504 + 198. Give b(q).
59
Let q(m) be the first derivative of m**4/4 + m**3/3 - m**2 - m - 861. Calculate q(-1).
1
Let d = -114 - -70. Let t be (-2 - -5)*d/12. Let k = 13 + t. Let s(m) = -m - 1. What is s(k)?
-3
Suppose 285*l = 279*l. Let b(j) be the second derivative of -1/2*j**3 + l - 1/2*j**2 - 8*j. What is b(1)?
-4
Let i(w) = 14*w - 2 + 4 - 28*w + 15*w - 4. Calculate i(5).
3
Let d(y) = 32*y - 4*y - 27*y - 5. Give d(-2).
-7
Let r(y) = 51*y**2 - 4*y. Let l(p) = 38*p**2 - 3*p. Let j(c) = 11*l(c) - 8*r(c). Suppose 5*v - 2*v - 3 = 0. Determine j(v).
9
Let c be -5 - (7 + -7) - (-7 + -6). Let y(j) = j**2 - 5*j - 18. What is y(c)?
6
Let n(i) = -7*i**2 - 16*i - 12. Let g(r) = -11*r**2 - 24*r - 18. Let m(w) = -5*g(w) + 8*n(w). Suppose -2*s - 7*k - 15 = -6*k, 25 = -3*s + k. Calculate m(s).
-6
Let m(i) = -2*i - 5. Let o(g) = 2*g**2 - 3*g - 2. Let s be o(-1). Suppose 20 = -2*p - s*p. Determine m(p).
3
Let f(o) = 22*o - 23*o - 75 + 26 + 38. Give f(-14).
3
Let y(n) = n**3 - 16*n**2 + 62*n + 24. Let o be y(7). Let t(s) = s**3 - 17*s**2 + 2*s - 22. Calculate t(o).
12
Let c(z) = -13*z + 3 - 14*z - 2 - 7*z. Give c(-1).
35
Let l(n) be the third derivative of n**5/60 - n**4/12 + n**3/3 + 7*n**2. Let i be l(2). Let o(p) = 40*p**2 - 21*p**2 - 17*p**i + 3*p**3 - p - p. What is o(-2)?
-12
Let p be ((-6)/3)/(2/4). Let h(u) be the second derivative of 5/2*u**2 + 0 + 1/3*u**3 + 10*u. Calculate h(p).
-3
Let n(l) = l + 15. Let d = -97 + 106. Suppose d*q - 28 + 91 = 0. Determine n(q).
8
Let z(m) = -m**2 + 7*m + 5. Let j be z(7). Let g = 25 - 30. Let t(n) = 2*n - 13. Let y(l) = l - 6. Let w(d) = g*y(d) + 2*t(d). Determine w(j).
-1
Let h be (-1 + (-2 - -1))*(-266)/(-133). Let z(y) = -y**2 + 4*y + 6. Determine z(h).
-26
Let o be (-16)/20*(-5)/(-2). Let y = 1 - o. Let n(u) = 2*u - y*u - 9*u. Calculate n(1).
-10
Let c(j) be the second derivative of j**4/12 - 3*j**3/2 + 3*j**2/2 - 12*j. Let f = -21 + 28. Give c(f).
-11
Let g be (9/3)/(7/7). Let s(c) = 2*c - 5 - g*c + 5. Give s(6).
-6
Let f be ((-4)/(-8))/(1/2). Let o = f + 0. Let w(q) = -12*q**3 - q**2 - q + 1. Determine w(o).
-13
Let p be 160/(40/5) + -10. Let c(b) = 11. Let n(w) = w + 1. Let s(o) = c(o) - n(o). Calculate s(p).
0
Let r(l) = -l**3 + 2*l**2 - l + 8. Suppose -6*q = -2*q - 20, 0 = -4*p + 3*q - 3. What is r(p)?
-4
Let i be 2/(-8 - (-9)/3)*-80. Suppose 26 = -5*z - o, 0*z - 4*z = -2*o + i. Let s(x) = -x**3 - 5*x**2 + 7*x + 6. Give s(z).
0
Let o(z) be the third derivative of -z**8/6720 - z**7/360 - z**6/144 + z**5/30 - 7*z**4/24 + 4*z**2. Let h(u) be the second derivative of o(u). What is h(-6)?
-2
Let p(f) be the third derivative of -f**4/2 - f**3/2 - 158*f**2 + 2*f. What is p(4)?
-51
Let y(x) be the first derivative of x**3/3 - 5*x + 70. What is y(5)?
20
Let m(k) = -4*k**2 - 2*k + 2. Let a = -599 - -600. Calculate m(a).
-4
Let i(w) = w**2 + w - 1. Let y(a) = -8*a**2 - 4*a + 6. Let j(o) = 5*i(o) + y(o). Give j(-2).
-13
Let d(c) = 28*c**2 - 5*c - 6. Let b(n) = -9*n**2 - n. Let f(g) = 3*b(g) + d(g). Give f(11).
27
Let f(r) be the third derivative of r**5/60 - 5*r**4/24 + r**3/2 - r**2. Suppose -v + 3*p = 4*v - 7, -5*v - 17 = 3*p. Let u be 3*(14/6 + v). What is f(u)?
-1
Let r(g) = -4*g**2 + 37*g + 5. Let q(m) = -4*m**2 + 3*m**2 - 1 - 9*m + 2*m**2. Suppose 5*y + 39 + 6 = 0. Let j(o) = y*q(o) - 2*r(o). Give j(6).
5
Let t(u) = -8*u**3 + 3*u**2 + u - 4. Let f(a) = 7*a**3 - 2*a**2 - 2*a + 3. Let n(j) = -7*f(j) - 6*t(j). Determine n(-5).
-12
Let u(k) = k**3 + 6*k**2 + 3*k - 4. Suppose n - 11 - 1 = 0. Let z = 27 - n. Let l be (0 - 2)*z/6. Give u(l).
6
Suppose 3*n - 24 = -n. Suppose -d = -n - 0. Let q(v) = 3*v + d*v**3 + 2 + v**2 - 5*v**3 + 2*v**2 + 0*v**3. Calculate q(-2).
0
Let d be ((-8)/18)/((-8)/36). Let m(c) = 2 + 2 - 5*c - d*c**2 + c**2. Give m(-6).
-2
Suppose -10 = -6*a - 4*a. Let g(s) = 19*s + 17*s - 53*s. Give g(a).
-17
Let l(z) = -13*z**3 + 2*z**2 - 7*z + 4. Let c be l(1). Let t(a) = a**3 + 15*a**2 + 15*a. Give t(c).
-14
Let h(v) = v**2 + 5*v + 7. Let b be h(-5). Let c = b - 4. Let i(k) = c + 51*k + 2 - 52*k + 4. Determine i(7).
2
Suppose 4*s - 1 = -3*d, 4*d - d - 13 = 2*s. Let k(w) = -251 - d*w + 255 + 0*w**2 - w**2. Determine k(-4).
0
Suppose -47*t - 476 = -43*t. Let z = t + 115. Let s(b) = -1 + 0 - 5 - 2*b. Give s(z).
2
Let v = -11 + 21. Let p = -3 + 11. Let i = v - p. Let u(c) = -3*c + 2. Calculate u(i).
-4
Let z(g) be the third derivative of g**6/120 - g**5/15 + g**4/4 - g**3/2 - g**2. Let v = 15239 - 15235. Determine z(v).
21
Let o(b) = -b + 0 + 3*b + 6*b**2 - 1. Let d be 0 + 0 - (2 + 7 + -10). Determine o(d).
7
Let l(v) = 54*v**2 + 7*v + 0 - 1 - 53*v**2. Determine l(-3).
-13
Let q be (-13)/(1560/175) - 3/(-2). Let r(p) be the third derivative of 5*p**2 + 0 + 1/2*p**3 + 0*p + q*p**4 - 1/60*p**5. What is r(-3)?
-9
Suppose 36*r - 41*r = 35. Let k(q) = -q**3 - 7*q**2 + 5*q + 7. Calculate k(r).
-28
Let n be -1*6*1/3 + -100. Let y = n + 100. Let b(m) = 6*m. Determine b(y).
-12
Let d(k) be the second derivati